{"id":158,"date":"2019-09-03T18:01:54","date_gmt":"2019-09-03T16:01:54","guid":{"rendered":"https:\/\/spd-sonsbeck.de\/?page_id=158"},"modified":"2025-05-27T18:11:08","modified_gmt":"2025-05-27T16:11:08","slug":"links-zu-anderen-seiten","status":"publish","type":"page","link":"https:\/\/spd-sonsbeck.de\/?page_id=158","title":{"rendered":"Links zu anderen Seiten"},"content":{"rendered":"\n<h3 class=\"wp-block-heading\">Der Ortsverein <\/h3>\n\n\n\n<ul class=\"wp-block-list\">\n<li><a aria-label=\"bei Facebook (\u00f6ffnet in neuem Tab)\" href=\"https:\/\/m.facebook.com\/profile.php?id=585861338121458&amp;ref=content_filter\" target=\"_blank\" rel=\"noreferrer noopener\">bei Facebook<\/a> &#8211; https:\/\/m.facebook.com\/profile.php?id=585861338121458&amp;ref=content_filter<\/li>\n<\/ul>\n\n\n\n<h3 class=\"wp-block-heading\">Organisationen der SPD<\/h3>\n\n\n\n<ul class=\"wp-block-list\">\n<li><a aria-label=\" (\u00f6ffnet in neuem Tab)\" href=\"https:\/\/www.spd.de\/\" target=\"_blank\" rel=\"noreferrer noopener\">Bundes Verband<\/a>  &#8211; https:\/\/www.spd.de\/<\/li>\n\n\n\n<li><a aria-label=\" (\u00f6ffnet in neuem Tab)\" href=\"https:\/\/www.spd-kreis-wesel.de\" target=\"_blank\" rel=\"noreferrer noopener\">Kreisverband in Wesel<\/a>  &#8211; https:\/\/www.spd-kreis-wesel.de<\/li>\n\n\n\n<li><a aria-label=\" (\u00f6ffnet in neuem Tab)\" href=\"https:\/\/www.wesel.de\/de\/verwaltung\/spd-spd-fraktion\/\" target=\"_blank\" rel=\"noreferrer noopener\">Fraktion im Kreis Wesel<\/a>  &#8211; https:\/\/www.wesel.de\/de\/verwaltung\/spd-spd-fraktion\/ <\/li>\n\n\n\n<li><a aria-label=\"Fraktion im Landtag NRW (\u00f6ffnet in neuem Tab)\" href=\"https:\/\/www.spd-fraktion-nrw.de\/\" target=\"_blank\" rel=\"noreferrer noopener\">Fraktion im Landtag NRW<\/a>  &#8211; https:\/\/www.spd-fraktion-nrw.de\/<\/li>\n\n\n\n<li><a aria-label=\"Fraktion im Bundestag (\u00f6ffnet in neuem Tab)\" href=\"https:\/\/www.spdfraktion.de\/\" target=\"_blank\" rel=\"noreferrer noopener\">Fraktion im Bundestag<\/a>  &#8211; https:\/\/www.spdfraktion.de\/<\/li>\n<\/ul>\n\n\n\n<h3 class=\"wp-block-heading\">Personen:<\/h3>\n\n\n\n<h5 class=\"wp-block-heading\">Im Landtag Ren\u00e9 Schneider MdL: <\/h5>\n\n\n\n<ul class=\"wp-block-list\">\n<li><a aria-label=\"Ren\u00e9 Schneider Webseite (\u00f6ffnet in neuem Tab)\" href=\"https:\/\/www.reneschneider.de\/\" target=\"_blank\" rel=\"noreferrer noopener\">Ren\u00e9 Schneider Webseite<\/a>  &#8211; https:\/\/www.reneschneider.de\/<\/li>\n\n\n\n<li><a aria-label=\"im Kreisverband (\u00f6ffnet in neuem Tab)\" href=\"https:\/\/www.spd-kreis-wesel.de\/personen\/rene-schneider\/\" target=\"_blank\" rel=\"noreferrer noopener\">im Kreisverband<\/a> &#8211; https:\/\/www.spd-kreis-wesel.de\/personen\/rene-schneider\/<\/li>\n\n\n\n<li><a aria-label=\"Im Landtag (\u00f6ffnet in neuem Tab)\" href=\"https:\/\/www.landtag.nrw.de\/portal\/WWW\/Webmaster\/GB_I\/I.1\/Abgeordnete\/abgeordnetendetail.jsp?k=01678\" target=\"_blank\" rel=\"noreferrer noopener\">im Landtag<\/a> &#8211; https:\/\/www.landtag.nrw.de\/portal\/WWW\/Webmaster\/GB_I\/I.1\/Abgeordnete\/abgeordnetendetail.jsp?k=01678<\/li>\n<\/ul>\n\n\n\n<p>F\u00fcr den Fall, das der Link nicht funktioniert bitte die URL benutzen. Schl\u00e4gt auch dieser Versuch fehle, dann bitte eine E-Mail an den Administrator  <\/p>\n","protected":false},"excerpt":{"rendered":"<p>Der Ortsverein Organisationen der SPD Personen: Im Landtag Ren\u00e9 Schneider MdL: F\u00fcr den Fall, das der Link nicht funktioniert bitte die URL benutzen. Schl\u00e4gt auch dieser Versuch fehle, dann bitte &hellip; <a href=\"https:\/\/spd-sonsbeck.de\/?page_id=158\" class=\"more-link\"><span class=\"screen-reader-text\">Links zu anderen Seiten<\/span> weiterlesen<\/a><\/p>\n","protected":false},"author":2,"featured_media":0,"parent":0,"menu_order":0,"comment_status":"closed","ping_status":"closed","template":"","meta":{"footnotes":""},"class_list":["post-158","page","type-page","status-publish","hentry"],"_links":{"self":[{"href":"https:\/\/spd-sonsbeck.de\/index.php?rest_route=\/wp\/v2\/pages\/158","targetHints":{"allow":["GET"]}}],"collection":[{"href":"https:\/\/spd-sonsbeck.de\/index.php?rest_route=\/wp\/v2\/pages"}],"about":[{"href":"https:\/\/spd-sonsbeck.de\/index.php?rest_route=\/wp\/v2\/types\/page"}],"author":[{"embeddable":true,"href":"https:\/\/spd-sonsbeck.de\/index.php?rest_route=\/wp\/v2\/users\/2"}],"replies":[{"embeddable":true,"href":"https:\/\/spd-sonsbeck.de\/index.php?rest_route=%2Fwp%2Fv2%2Fcomments&post=158"}],"version-history":[{"count":11,"href":"https:\/\/spd-sonsbeck.de\/index.php?rest_route=\/wp\/v2\/pages\/158\/revisions"}],"predecessor-version":[{"id":722,"href":"https:\/\/spd-sonsbeck.de\/index.php?rest_route=\/wp\/v2\/pages\/158\/revisions\/722"}],"wp:attachment":[{"href":"https:\/\/spd-sonsbeck.de\/index.php?rest_route=%2Fwp%2Fv2%2Fmedia&parent=158"}],"curies":[{"name":"wp","href":"https:\/\/api.w.org\/{rel}","templated":true}]}}